{"id":2,"date":"2013-03-18T11:38:11","date_gmt":"2013-03-18T11:38:11","guid":{"rendered":"http:\/\/clubdubalen.fr\/blog\/\/?page_id=2"},"modified":"2013-04-25T22:49:39","modified_gmt":"2013-04-25T20:49:39","slug":"about","status":"publish","type":"page","link":"https:\/\/clubdubalen.fr\/blog\/about\/","title":{"rendered":"About"},"content":{"rendered":"<p>Les avis exprim\u00e9s sur ce blog, sauf mention contraire, ne sont en aucun cas les avis officiels des associations ou institutions dont sont issus les membres du Club Dubalen.<\/p>\n<p>Les documents mis en t\u00e9l\u00e9chargement le sont g\u00e9n\u00e9ralement avec l&rsquo;accord de leurs auteurs. D&rsquo;autres publications le sont \u00e0 titre posthume. Enfin, certaines publications sont mises en ligne en\u00a0 guise d&rsquo;hommage envers des chercheurs dont nous estimons le travail. Si vous \u00eates auteur -ou ayant droit- et que vous estimez que la mise en ligne de votre article vous porte pr\u00e9judice et bafoue vos droits, nous le supprimerons imm\u00e9diatement.<\/p>\n<p>Merci de votre compr\u00e9hension.<\/p>\n<p>Pour toute question, remarque g\u00e9n\u00e9rale, demande de contact, veuillez utiliser l&rsquo;adresse mail suivante : <strong>pierre.eudoxe@yahoo.fr<\/strong><\/p>\n","protected":false},"excerpt":{"rendered":"<p>Les avis exprim\u00e9s sur ce blog, sauf mention contraire, ne sont en aucun cas les avis officiels des associations ou institutions dont sont issus les membres du Club Dubalen. Les documents mis en t\u00e9l\u00e9chargement le sont g\u00e9n\u00e9ralement avec l&rsquo;accord de leurs auteurs. D&rsquo;autres publications le sont \u00e0 titre posthume. Enfin, certaines publications sont mises en <span class=\"ellipsis\">&hellip;<\/span> <span class=\"more-link-wrap\"><a href=\"https:\/\/clubdubalen.fr\/blog\/about\/\" class=\"more-link\"><span>Read More &rarr;<\/span><\/a><\/span><\/p>\n","protected":false},"author":1,"featured_media":0,"parent":0,"menu_order":0,"comment_status":"open","ping_status":"open","template":"","meta":[],"_links":{"self":[{"href":"https:\/\/clubdubalen.fr\/blog\/wp-json\/wp\/v2\/pages\/2"}],"collection":[{"href":"https:\/\/clubdubalen.fr\/blog\/wp-json\/wp\/v2\/pages"}],"about":[{"href":"https:\/\/clubdubalen.fr\/blog\/wp-json\/wp\/v2\/types\/page"}],"author":[{"embeddable":true,"href":"https:\/\/clubdubalen.fr\/blog\/wp-json\/wp\/v2\/users\/1"}],"replies":[{"embeddable":true,"href":"https:\/\/clubdubalen.fr\/blog\/wp-json\/wp\/v2\/comments?post=2"}],"version-history":[{"count":3,"href":"https:\/\/clubdubalen.fr\/blog\/wp-json\/wp\/v2\/pages\/2\/revisions"}],"predecessor-version":[{"id":51,"href":"https:\/\/clubdubalen.fr\/blog\/wp-json\/wp\/v2\/pages\/2\/revisions\/51"}],"wp:attachment":[{"href":"https:\/\/clubdubalen.fr\/blog\/wp-json\/wp\/v2\/media?parent=2"}],"curies":[{"name":"wp","href":"https:\/\/api.w.org\/{rel}","templated":true}]}}